lse
Suppose 5*a - 11*v - 3148 = -8*v, -5*a - v + 3144 = 0. Is a a prime number?
False
Suppose 33*w + 17 = 16*w. Let x be 2/(-3) - 76/(-6). Is ((-834)/x)/(w/2) prime?
True
Let o be (4 + (-15)/12)*4. Suppose -o*j = -2*j - 270. Suppose 3110 = -j*n + 35*n. Is n a composite number?
True
Is -7 + 5 + 9 - -73200 a prime number?
False
Let d = -22494 - -13194. Let y = d + 17587. Is y prime?
True
Let j = -12176 + -11030. Let q = 34673 + j. Is q a composite number?
False
Suppose -95 - 13 = -27*u. Suppose -u*x + 335676 = 8*x. Is x prime?
False
Suppose -3*b - 50728 = -2*t, 101464 = 4*t + 11*b - 13*b. Is t a composite number?
False
Let i be ((1 + 0)*-2)/(1/2). Let y = i + 9. Suppose 2*l = -y*l + 93443. Is l a composite number?
True
Let q(u) = 3652*u + 870. Is q(7) prime?
False
Suppose -2*r + 14 + 13 = -t, -2*t - 34 = r. Let p(q) = -99*q - 64. Is p(t) prime?
False
Let d = -58 - -63. Suppose d*h - 5901 + 801 = 0. Let c = h + -457. Is c a composite number?
False
Let v be 7/(-21)*6 - -24917. Let q = v - -13436. Is q a composite number?
False
Let v be 0*((-24)/(-228) + (-46)/76). Suppose -197*n + 195*n + 6854 = v. Is n composite?
True
Let s = -10810 + 50519. Is s a prime number?
True
Suppose -13*m - m = -2357734 - 1373980. Is m a prime number?
False
Suppose 20*y - 35*y = 64*y - 35968147. Is y a prime number?
False
Let z be (-5 - 1105850/70)/(4/(-14)). Suppose 1036*x - z = 1026*x. Is x a composite number?
False
Let y be -4*7/(42/(-15)). Suppose -y*p - 13508 = -14*p. Is p a prime number?
False
Let r be (-4 - (-66)/12)/((-21)/(-28700)). Let f = 6 + -4. Is 1*(3 - f) + r a composite number?
True
Let c be -5*(42/(-70) + 6/(-15)). Let u = 2610 + -838. Suppose -u = f - c*f. Is f a prime number?
True
Let p(o) = -o**2 - 6*o + 12. Let m be p(-8). Let q(d) = -1753*d - 14. Let x be q(m). Suppose 3*c - 2*y = 2*y + 4193, -5*c - 3*y + x = 0. Is c composite?
False
Let o(a) = 185*a + 93. Let t be o(12). Suppose -5*n = -4*m - 11583, -8*n + t = -7*n - 2*m. Is n prime?
False
Let l(p) = -2*p**3 - 2*p**2 + 9*p + 13. Let z be l(-2). Suppose -z*j - 3*j = -27678. Is j a composite number?
True
Suppose 0 = c + 4*g - 3*g + 4498, -4*c + 5*g - 17974 = 0. Let t = c + 6441. Is t prime?
False
Suppose 289 = -3*f + 301. Is f/3 + 63145/15 a composite number?
False
Suppose -2*m = -26 + 10, m = 4*i - 445628. Is i a composite number?
False
Let l = -334 - 722. Is (l/8)/3*(-538)/8 prime?
False
Let s be 0*(-2 + (-28)/(-12)). Suppose 42*f - 45*f - 12 = s. Is (f/(-28) - (-13)/7) + 344 composite?
True
Let z(w) = -2*w + 25. Suppose 3*y = 8*y - 50. Let d be z(y). Suppose d*u - u = 1676. Is u a prime number?
True
Suppose 30*s + 284 = -59*s + 18*s. Let x(y) = 28*y - 26. Let g(z) = -29*z + 26. Let j(u) = -5*g(u) - 6*x(u). Is j(s) a prime number?
False
Let b(k) = 3*k**2 - 10*k - 6. Let u be b(5). Let s = 19 - u. Suppose 4*g + 14*g - 29826 = s. Is g a composite number?
False
Let b = 91 - 82. Suppose 19 = -2*h + b. Let j(w) = 9*w**2 - w - 7. Is j(h) a composite number?
False
Let r be (-12)/2*(-2)/6. Let k(c) = -5750*c - 10. Let x be k(r). Is x/(-12) - ((-20)/5)/(-24) a prime number?
False
Suppose 3*n + 4*p = 11, 5*n - 2*p + 1 = p. Is 120/18*57 - n a prime number?
True
Let p(z) = 4*z**2 + 34*z - 73. Let l be p(2). Let g(f) = -4*f + 18 + 10*f + 23*f. Is g(l) composite?
False
Let n be (-90)/(-40)*(-16)/(-6). Suppose 0 = -n*d + 3*d. Suppose d = 4*j - 5064 - 3012. Is j composite?
True
Let a(j) = 17238*j**3 - 4*j**2 - j + 1. Is a(2) prime?
False
Suppose 40*s - 41*s + 51 = 0. Is (s + -53)/((-4)/11166) a prime number?
False
Is (-22 + (-16 - -24))/((-20)/3978670) prime?
False
Let m = -890 - -890. Suppose 4*f + 2 = -2, -5*f - 14 = -3*t. Suppose v + 2*o = 257, m*v + 791 = t*v + o. Is v a prime number?
False
Let v(b) = -b - 1. Let c(s) = -36*s + 31. Let a(t) = -5*c(t) - 10*v(t). Is a(14) a composite number?
True
Let v(g) = -g**3 + 4*g**2 + 14*g - 8. Let p be v(6). Let c be p/(-18) + (-107796)/(-54). Suppose -4*r - c = -8*r. Is r prime?
True
Let a(c) = -3*c + 17. Let r be a(5). Let v be (-2 + (2 - -1) - r)*2. Is (v + (-4)/2)*29349/(-36) a prime number?
False
Is 29895 - (-3 + 14/(-14)) a composite number?
True
Let s(o) be the first derivative of -o**2/2 - o + 19. Let q be s(-3). Suppose 0 = -3*j - 2*z + 4673, q*j - 4*z = -5*z + 3117. Is j composite?
True
Let m = -3484 + 8985. Is m prime?
True
Suppose -1649*i + 1640*i + 624285 = 0. Is i a composite number?
True
Suppose 2*s = 2*o + 4, 2*o - 18 = -o - 3*s. Suppose 8 = -o*g, -4*b - 2*g + 15056 = -3*g. Is b a prime number?
False
Is (38182/85)/((-6)/(-1695)) prime?
False
Let k be (-6 + 8 - 2)/(-1). Suppose 99*a - 93*a - 5214 = k. Is a composite?
True
Is 458932465/3090 + (-14)/(-12) prime?
False
Let x(i) = 984*i - 3. Let f(q) = -q**2 - 10*q - 12. Let o be f(-7). Let w be x(o). Let b = w - 4436. Is b prime?
False
Let f(i) = -864*i - 611. Is f(-7) composite?
False
Let b = 1006 + -645. Let k = b + -252. Is k prime?
True
Suppose 11*j = -0*j + 66. Let z(t) = 7*t + j*t + 7 + 35 - 2*t. Is z(13) prime?
False
Let z(u) = 20*u**2 + 108*u - 609. Is z(-76) composite?
False
Suppose -4*q - u = -59, 3*q - 76 + 8 = 4*u. Is (28570/(-4))/((-8)/q) composite?
True
Let a(u) = -6*u**3 + 15*u**2 + u - 3. Let s be a(-8). Suppose -5*n + h - 20132 = 0, n + 0*n = 2*h - s. Let i = -1530 - n. Is i a prime number?
False
Let l(o) = 349*o**2 - 13. Let m be l(-5). Let f = m + -4021. Is f prime?
True
Suppose -14*k + 0*k = -94136. Let u = 13845 - k. Is u a composite number?
False
Suppose -5*j - 9134 + 512 = -r, -5*j = r - 8632. Suppose 3*m = 3*a - 5187, -5*a + r = 8*m - 7*m. Is a prime?
False
Suppose -3*s = -4*z - 3133, 271*s + 3*z + 1051 = 272*s. Suppose 50 = 3*m + 2*m. Let i = m + s. Is i a composite number?
False
Let f(w) = 28605*w**2 + 24*w - 68. Is f(-7) a composite number?
False
Suppose -3*c - h - 12420 = 2*h, c + 4140 = 2*h. Let n = c - 1023. Is (5 - 4)/(1 + 5160/n) prime?
True
Suppose u = -3*j + 2*j + 7, 5*u + j - 15 = 0. Is (-7)/21*(u*-7818)/4 a composite number?
False
Suppose 497*r - 104836332 - 37260361 = -20807322. Is r a prime number?
True
Let x = -140380 - -237011. Is x composite?
True
Let f(l) = -238*l + 9. Let y(d) = -2*d + 2. Let i(k) = f(k) - 2*y(k). Let t = -9 - -3. Is i(t) a prime number?
True
Suppose -10 = -8*f + 9*f. Let n be f - -3127 - (-4)/(-1). Suppose 5*a + 5*m = a + 4166, -3*a + n = -2*m. Is a composite?
False
Suppose -604 + 5824 = -10*i. Let d = i - -3229. Is d prime?
True
Let t(p) = 133*p**2 + 16*p + 46. Suppose j = m - 11, 5*m = 2*j + 24 + 25. Is t(m) composite?
True
Let w(c) be the second derivative of 5*c**4 - c**3/3 - 23*c**2/2 - 14*c. Let t(b) be the first derivative of w(b). Is t(4) a prime number?
False
Let c(w) = 5*w**2 + 50*w + 113. Let z(p) = 2*p**2 + 17*p + 38. Let a(o) = 3*c(o) - 8*z(o). Let r be a(15). Is ((-2)/(-4)*-877)/((-10)/r) a prime number?
True
Let k(l) = l**3 + 920. Let n(r) = -1. Let x(a) = k(a) + 4*n(a). Let u be x(0). Let q = u + -393. Is q a prime number?
True
Suppose -8*u - 520 = -6*u. Is (-19797)/13*-1 - 40/u a prime number?
True
Let y(h) = 44*h**3 - 19*h**2 - 69*h + 241. Is y(8) a composite number?
False
Let h(x) = -1030*x - 1229. Is h(-79) prime?
True
Let v(j) be the third derivative of -58*j**6/3 + j**5/30 - j**4/24 - j**3/3 + 3*j**2 + 2. Is v(-1) composite?
True
Is (-12)/(1716/(-15045151)) + 4/26 a composite number?
False
Let m be ((-32)/(-10))/(10/4025). Let s = m + 41. Suppose 3*p = 3*g + s, 2*p - 1217 = -5*g - 303. Is p a composite number?
True
Suppose -4*a - 2*h - 307 = -h, -2*a = -4*h + 176. Suppose -13*k + 6*k = -1169. Let r = a + k. Is r a composite number?
False
Let v(l) = 7*l**3 + 3*l**2 - 15. Let o be (7 - (9 - 6)) + 5. Is v(o) prime?
False
Suppose -4*w - 3*y + 97259 = 0, w - y - 14232 = 10088. Is w a composite number?
False
Suppose 15*r = 186*r + 634739 - 52561454. Is r a prime number?
False
Let g = 4309 + -2883. Let z(q) = -2*q**3 - 9*q**2 - 8*q + 12. Let d be z(-9). Let k = g - d. Is k a prime number?
True
Suppose -5*r = 13*r - 1620. Is (-36)/r + 2 + 6057/5 prime?
True
Let u(h) = -8*h**3 + 1483 + 16*h - 3*h**2 - 1500 - 2*h**2. Is u(-8) prime?
True
Let n(r) = -23 + 22 + 7*r**2 + 4*r - 2*r**2. Let y be n(-2). Suppose -772 = -s - 5*o, -6*s + 2*o = -y*s + 3929. Is s a composite number?
False
Suppose -6*a + 5*r - 3 = -5*a, a + 2*r - 4 = 0. Is ((-32